ase 4) to base 9.
22
Convert -4 (base 16) to base 2.
-100
Convert -112 (base 6) to base 7.
-62
Convert 8 (base 15) to base 2.
1000
Convert 0 (base 4) to base 6.
0
-2 (base 15) to base 9
-2
Convert 266 (base 7) to base 8.
222
What is 3 (base 6) in base 10?
3
Convert -61 (base 13) to base 16.
-4f
Convert -12 (base 11) to base 14.
-d
What is 64 (base 14) in base 9?
107
-21 (base 4) to base 11
-9
b (base 14) to base 16
b
12 (base 3) to base 7
5
15 (base 12) to base 4
101
-2b (base 12) to base 15
-25
-3c (base 14) to base 6
-130
What is -22 (base 7) in base 4?
-100
Convert 20 (base 9) to base 4.
102
0 (base 4) to base 16
0
0 (base 9) to base 14
0
Convert -28 (base 10) to base 16.
-1c
Convert 40 (base 8) to base 14.
24
What is 62 (base 12) in base 2?
1001010
What is -43 (base 11) in base 2?
-101111
3 (base 4) to base 14
3
Convert 35 (base 14) to base 9.
52
Convert 8 (base 13) to base 10.
8
Convert -36 (base 7) to base 12.
-23
-3 (base 13) to base 9
-3
What is 19 (base 14) in base 11?
21
What is 0 (base 16) in base 9?
0
0 (base 16) to base 8
0
Convert 2 (base 11) to base 2.
10
11 (base 7) to base 14
8
-10101 (base 3) to base 16
-5b
-4 (base 12) to base 14
-4
What is -96 (base 11) in base 12?
-89
Convert -26 (base 8) to base 5.
-42
46 (base 7) to base 15
24
What is -6 (base 15) in base 11?
-6
10 (base 4) to base 3
11
What is 20 (base 8) in base 2?
10000
What is 2 (base 10) in base 9?
2
Convert 16 (base 8) to base 6.
22
Convert 131 (base 6) to base 9.
61
What is 5a (base 11) in base 7?
122
Convert -404 (base 6) to base 11.
-125
What is 2 (base 7) in base 12?
2
What is -4 (base 9) in base 16?
-4
-10 (base 14) to base 10
-14
Convert 111 (base 3) to base 16.
d
25 (base 12) to base 6
45
Convert 12 (base 5) to base 2.
111
-1020 (base 4) to base 13
-57
Convert 33 (base 14) to base 7.
63
Convert 12 (base 15) to base 13.
14
What is 20 (base 4) in base 5?
13
What is c (base 16) in base 15?
c
What is -1a (base 11) in base 13?
-18
Convert 5 (base 8) to base 13.
5
What is -35 (base 8) in base 4?
-131
What is -2 (base 5) in base 12?
-2
What is 40 (base 5) in base 13?
17
-18 (base 14) to base 13
-19
2 (base 12) to base 9
2
What is -107 (base 15) in base 4?
-3220
Convert -22 (base 8) to base 10.
-18
Convert 4 (base 11) to base 12.
4
-c0 (base 14) to base 12
-120
Convert -35 (base 15) to base 8.
-62
-1 (base 16) to base 11
-1
42 (base 7) to base 3
1010
What is -7 (base 15) in base 13?
-7
Convert 514 (base 6) to base 16.
be
Convert 8 (base 11) to base 6.
12
What is -3 (base 16) in base 7?
-3
What is 0 (base 4) in base 2?
0
Convert -2 (base 8) to base 16.
-2
What is -1 (base 11) in base 13?
-1
-36 (base 16) to base 10
-54
-10 (base 10) to base 5
-20
What is -40 (base 10) in base 12?
-34
2 (base 10) to base 6
2
Convert 27 (base 13) to base 10.
33
What is -82 (base 15) in base 7?
-233
Convert -39 (base 11) to base 3.
-1120
What is -5 (base 14) in base 6?
-5
Convert -1 (base 13) to base 5.
-1
211 (base 3) to base 9
24
15 (base 10) to base 11
14
Convert -19 (base 16) to base 11.
-23
What is 201 (base 5) in base 4?
303
11 (base 3) to base 8
4
20 (base 11) to base 12
1a
42 (base 7) to base 2
11110
13 (base 4) to base 8
7
0 (base 6) to base 4
0
What is -11 (base 14) in base 7?
-21
d2 (base 16) to base 6
550
What is 1 (base 15) in base 9?
1
What is 14 (base 15) in base 6?
31
What is -3 (base 12) in base 13?
-3
What is -35 (base 7) in base 15?
-1b
4 (base 8) to base 6
4
-1 (base 3) to base 5
-1
Convert a (base 16) to base 11.
a
Convert a (base 13) to base 2.
1010
Convert b (base 13) to base 15.
b
What is -76 (base 16) in base 12?
-9a
What is -12 (base 7) in base 9?
-10
-251 (base 7) to base 8
-206
185 (base 10) to base 5
1220
Convert -5 (base 15) to base 2.
-101
Convert 220 (base 4) to base 6.
104
20 (base 15) to base 8
36
What is 3d (base 16) in base 2?
111101
Convert 4 (base 13) to base 10.
4
What is -13 (base 13) in base 6?
-24
Convert 2 (base 7) to base 5.
2
1030 (base 4) to base 5
301
Convert 108 (base 12) to base 13.
b9
-16d (base 14) to base 4
-10211
What is 2 (base 7) in base 14?
2
1 (base 9) to base 7
1
-111011 (base 2) to base 13
-47
-3 (base 15) to base 10
-3
What is 0 (base 12) in base 4?
0
-32 (base 10) to base 11
-2a
What is -a (base 11) in base 10?
-10
0 (base 7) to base 9
0
1 (base 13) to base 4
1
7 (base 13) to base 3
21
What is -1 (base 13) in base 5?
-1
What is -61 (base 7) in base 2?
-101011
Convert 3 (base 4) to base 13.
3
What is -3 (base 10) in base 13?
-3
Convert -8c (base 16) to base 7.
-260
-113 (base 4) to base 11
-21
Convert 165 (base 8) to base 13.
90
34 (base 11) to base 3
1101
Convert -61 (base 9) to base 11.
-50
Convert -14 (base 9) to base 12.
-11
-b0 (base 16) to base 6
-452
10 (base 15) to base 7
21
Convert 101 (base 11) to base 12.
a2
What is 4 (base 10) in base 2?
100
What is -10 (base 14) in base 10?
-14
Convert -10002 (base 4) to base 7.
-516
What is -47 (base 13) in base 15?
-3e
What is -4 (base 13) in base 16?
-4
Convert 10 (base 3) to base 14.
3
-4 (base 10) to base 3
-11
-15 (base 13) to base 2
-10010
What is -5b (base 12) in base 4?
-1013
Convert -5 (base 6) to base 13.
-5
2 (base 11) to base 4
2
-11011 (base 2) to base 4
-123
Convert 26 (base 13) to base 15.
22
0 (base 8) to base 6
0
Convert -2 (base 7) to base 2.
-10
What is -1 (base 9) in base 2?
-1
23 (base 14) to base 5
111
Convert 14 (base 6) to base 9.
11
What is 7 (base 15) in base 4?
13
c3 (base 15) to base 11
157
Convert -1 (base 16) to base 11.
-1
a (base 15) to base 12
a
What is -4 (base 9) in base 15?
-4
Convert 1 (base 2) to base 15.
1
Convert -74 (base 15) to base 13.
-85
12 (base 6) to base 11
8
136 (base 7) to base 6
204
-18c (base 13) to base 16
-11d
What is 143 (base 7) in base 13?
62
What is 71 (base 16) in base 12?
95
6 (base 8) to base 10
6
-154 (base 15) to base 3
-102021
What is -324 (base 5) in base 15?
-5e
What is -24 (base 9) in base 7?
-31
31 (base 14) to base 16
2b
What is 21 (base 4) in base 8?
11
301 (base 9) to base 3
100001
Convert 0 (base 8) to base 10.
0
What is 1 (base 2) in base 11?
1
1 (base 8) to base 6
1
What is -20 (base 8) in base 15?
-11
Convert 2 (base 7) to base 9.
2
Convert 132 (base 4) to base 10.
30
What is -11000 (base 2) in base 13?
-1b
Convert 48 (base 9) to base 15.
2e
Convert 166 (base 8) to base 11.
a8
What is -10 (base 8) in base 13?
-8
2 (base 7) to base 12
2
74 (base 9) to base 5
232
What is 1 (base 5) in base 11?
1
100 (base 7) to base 3
1211
What is -10001 (base 2) in base 12?
-15
Convert 100000 (base 2) to base 15.
22
Convert 7 (base 10) to base 15.
7
Convert 2 (base 13) to base 11.
2
-110 (base 8) to base 6
-200
-2 (base 13) to base 14
-2
Convert -2 (base 4) to base 15.
-2
10 (base 7) to base 6
11
Convert -5 (base 16) to base 6.
-5
What is 39 (base 10) in base 4?
213
Convert -24 (base 6) to base 15.
-11
What is -4 (base 6) in base 16?
-4
1 (base 11) to base 9
1
Convert 1 (base 16) to base 6.
1
What is 311 (base 7) in base 14?
b1
Convert 0 (base 3) to base 8.
0
Convert -54 (base 12) to base 10.
-64
Convert -100 (base 2) to base 15.
-4
Convert 59 (base 10) to base 12.
4b
Convert -d (base 14) to base 8.
-15
What is 1011100 (base 2) in base 11?
84
Convert 1 (base 3) to base 12.
1
What is 1 (base 11) in base 15?
1
Convert 1 (base 6) to base 4.
1
What is 131 (base 8) in base 2?
1011001
13 (base 6) to base 14
9
Convert -11 (base 5) to base 15.
-6
111 (base 3) to base 15
d
What is 2 (base 14) in base 9?
2
What is 46 (base 10) in base 14?
34
What is -3b (base 12) in base 2?
-101111
What is 4b (base 12) in base 6?
135
What is 33 (base 14) in base 6?
113
130 (base 8) to base 7
154
What is 6 (base 16) in base 9?
6
What is 215 (base 6) in base 15?
58
Convert -3 (base 15) to base 5.
-3
-2 (base 7) to base 15
-2
What is -c (base 13) in base 15?
-c
-6c (base 16) to base 7
-213
-2 (base 13) to base 4
-2
-16 (base 15) to base 13
-18
Convert 24 (base 5) to base 8.
16
What is 3 (base 5) in base 7?
3
Convert -7 (base 12) to base 15.
-7
3 (base 6) to base 11
3
Convert -1 (base 16) to base 5.
-1
What is -76 (base 11) in base 6?
-215
-3 (base 4) to base 5
-3
Convert 38 (base 9) to base 13.
29
Convert -10020 (base 3) to base 9.
-106
130 (base 6) to base 12
46
Convert 546 (base 7) to base 15.
139
What is -6 (base 8) in base 14?
-6
213 (base 5) to